{"id":27,"date":"2021-01-18T16:31:09","date_gmt":"2021-01-18T22:31:09","guid":{"rendered":"https:\/\/www.kyodaikaratedo.com\/?page_id=27"},"modified":"2021-02-09T12:11:48","modified_gmt":"2021-02-09T18:11:48","slug":"valores-kyodai","status":"publish","type":"page","link":"https:\/\/www.kyodaikaratedo.com\/index.php\/valores-kyodai\/","title":{"rendered":"FILOSOF\u00cdA"},"content":{"rendered":"\n<div class=\"wp-block-columns is-layout-flex wp-container-core-columns-is-layout-9d6595d7 wp-block-columns-is-layout-flex\">\n<div class=\"wp-block-column is-layout-flow wp-block-column-is-layout-flow\" style=\"flex-basis:50%\">\n<h3 class=\"wp-block-heading\"><strong>Valores KY\u014cDAI<\/strong><\/h3>\n\n\n\n<ul class=\"has-primary-color has-background-background-color has-text-color has-background wp-block-list\"><li><strong>Amor<\/strong>: Todo lo hacemos con amor y por amor.<\/li><li><strong>Perseverancia<\/strong>: Una gota de agua constante atraviesa una roca.<\/li><li><strong>Pasi\u00f3n<\/strong>: Con el coraz\u00f3n por delante.<\/li><li><strong>Solidaridad<\/strong>: En las buenas y en las excelentes.<\/li><li><strong>Colaboraci\u00f3n<\/strong>: Trabajando hombro a hombro.<\/li><li><strong>Compromiso<\/strong>: Conmigo, con mi sociedad y con mi planeta.<\/li><li><strong>Liderazgo<\/strong>: Guiando mentes y corazones hacia un mundo mejor.<\/li><li><strong>Calidad<\/strong>: Lo que hacemos, lo hacemos excelente.<\/li><li><strong>Responsabilidad<\/strong>: El cambio est\u00e1 en nosotros, seamos ejemplo.<\/li><\/ul>\n<\/div>\n\n\n\n<div class=\"wp-block-column is-layout-flow wp-block-column-is-layout-flow\" style=\"flex-basis:50%\">\n<h3 class=\"wp-block-heading\">DOJO KUN<\/h3>\n\n\n\n<ul class=\"wp-block-list\"><li>Fortalecimiento y perfecci\u00f3n del car\u00e1cter<\/li><li>Lealtad al verdadero camino de la sabidur\u00eda.<\/li><li>Fomentar el esp\u00edritu del esfuerzo.<\/li><li>Control del instinto de agresi\u00f3n.<\/li><li>Respeto por encima de todo.<\/li><\/ul>\n\n\n\n<div class=\"wp-block-columns is-layout-flex wp-container-core-columns-is-layout-9d6595d7 wp-block-columns-is-layout-flex\">\n<div class=\"wp-block-column is-layout-flow wp-block-column-is-layout-flow\"><\/div>\n<\/div>\n<\/div>\n<\/div>\n\n\n\n<figure class=\"wp-block-image size-large\"><img decoding=\"async\" width=\"1024\" height=\"606\" data-src=\"https:\/\/www.kyodaikaratedo.com\/wp-content\/uploads\/2021\/02\/WhatsApp-Image-2021-01-25-at-11.14.11-PM-1024x606.jpeg\" alt=\"\" class=\"wp-image-502 lazyload\" data-srcset=\"https:\/\/www.kyodaikaratedo.com\/wp-content\/uploads\/2021\/02\/WhatsApp-Image-2021-01-25-at-11.14.11-PM-1024x606.jpeg 1024w, https:\/\/www.kyodaikaratedo.com\/wp-content\/uploads\/2021\/02\/WhatsApp-Image-2021-01-25-at-11.14.11-PM-300x178.jpeg 300w, https:\/\/www.kyodaikaratedo.com\/wp-content\/uploads\/2021\/02\/WhatsApp-Image-2021-01-25-at-11.14.11-PM-768x455.jpeg 768w, https:\/\/www.kyodaikaratedo.com\/wp-content\/uploads\/2021\/02\/WhatsApp-Image-2021-01-25-at-11.14.11-PM.jpeg 1280w\" data-sizes=\"(max-width: 1024px) 100vw, 1024px\" src=\"data:image\/svg+xml;base64,PHN2ZyB3aWR0aD0iMSIgaGVpZ2h0PSIxIiB4bWxucz0iaHR0cDovL3d3dy53My5vcmcvMjAwMC9zdmciPjwvc3ZnPg==\" style=\"--smush-placeholder-width: 1024px; --smush-placeholder-aspect-ratio: 1024\/606;\" \/><\/figure>\n","protected":false},"excerpt":{"rendered":"<p>Valores KY\u014cDAI Amor: Todo lo hacemos con amor y por amor. Perseverancia: Una gota de agua constante atraviesa una roca. Pasi\u00f3n: Con el coraz\u00f3n por delante. Solidaridad: En las buenas y en las excelentes. Colaboraci\u00f3n: Trabajando hombro a hombro. Compromiso: Conmigo, con mi sociedad y con mi planeta. Liderazgo: Guiando mentes y corazones hacia un [&hellip;]<\/p>\n","protected":false},"author":1,"featured_media":0,"parent":0,"menu_order":0,"comment_status":"closed","ping_status":"closed","template":"","meta":{"ocean_post_layout":"","ocean_both_sidebars_style":"","ocean_both_sidebars_content_width":0,"ocean_both_sidebars_sidebars_width":0,"ocean_sidebar":"0","ocean_second_sidebar":"0","ocean_disable_margins":"enable","ocean_add_body_class":"","ocean_shortcode_before_top_bar":"","ocean_shortcode_after_top_bar":"","ocean_shortcode_before_header":"","ocean_shortcode_after_header":"","ocean_has_shortcode":"","ocean_shortcode_after_title":"","ocean_shortcode_before_footer_widgets":"","ocean_shortcode_after_footer_widgets":"","ocean_shortcode_before_footer_bottom":"","ocean_shortcode_after_footer_bottom":"","ocean_display_top_bar":"default","ocean_display_header":"default","ocean_header_style":"","ocean_center_header_left_menu":"0","ocean_custom_header_template":"0","ocean_custom_logo":0,"ocean_custom_retina_logo":0,"ocean_custom_logo_max_width":0,"ocean_custom_logo_tablet_max_width":0,"ocean_custom_logo_mobile_max_width":0,"ocean_custom_logo_max_height":0,"ocean_custom_logo_tablet_max_height":0,"ocean_custom_logo_mobile_max_height":0,"ocean_header_custom_menu":"0","ocean_menu_typo_font_family":"0","ocean_menu_typo_font_subset":"","ocean_menu_typo_font_size":0,"ocean_menu_typo_font_size_tablet":0,"ocean_menu_typo_font_size_mobile":0,"ocean_menu_typo_font_size_unit":"px","ocean_menu_typo_font_weight":"","ocean_menu_typo_font_weight_tablet":"","ocean_menu_typo_font_weight_mobile":"","ocean_menu_typo_transform":"","ocean_menu_typo_transform_tablet":"","ocean_menu_typo_transform_mobile":"","ocean_menu_typo_line_height":0,"ocean_menu_typo_line_height_tablet":0,"ocean_menu_typo_line_height_mobile":0,"ocean_menu_typo_line_height_unit":"","ocean_menu_typo_spacing":0,"ocean_menu_typo_spacing_tablet":0,"ocean_menu_typo_spacing_mobile":0,"ocean_menu_typo_spacing_unit":"","ocean_menu_link_color":"","ocean_menu_link_color_hover":"","ocean_menu_link_color_active":"","ocean_menu_link_background":"","ocean_menu_link_hover_background":"","ocean_menu_link_active_background":"","ocean_menu_social_links_bg":"","ocean_menu_social_hover_links_bg":"","ocean_menu_social_links_color":"","ocean_menu_social_hover_links_color":"","ocean_disable_title":"default","ocean_disable_heading":"default","ocean_post_title":"","ocean_post_subheading":"","ocean_post_title_style":"","ocean_post_title_background_color":"","ocean_post_title_background":0,"ocean_post_title_bg_image_position":"","ocean_post_title_bg_image_attachment":"","ocean_post_title_bg_image_repeat":"","ocean_post_title_bg_image_size":"","ocean_post_title_height":0,"ocean_post_title_bg_overlay":0.5,"ocean_post_title_bg_overlay_color":"","ocean_disable_breadcrumbs":"default","ocean_breadcrumbs_color":"","ocean_breadcrumbs_separator_color":"","ocean_breadcrumbs_links_color":"","ocean_breadcrumbs_links_hover_color":"","ocean_display_footer_widgets":"default","ocean_display_footer_bottom":"default","ocean_custom_footer_template":"0","footnotes":""},"class_list":["post-27","page","type-page","status-publish","hentry","entry"],"yoast_head":"<!-- This site is optimized with the Yoast SEO plugin v27.4 - https:\/\/yoast.com\/product\/yoast-seo-wordpress\/ -->\n<title>FILOSOF\u00cdA<\/title>\n<meta name=\"description\" content=\"Valores KY\u014cDAI Amor: Todo lo hacemos con amor y por amor.Perseverancia: Una gota de agua constante atraviesa una roca.Pasi\u00f3n: Con el coraz\u00f3n por\" \/>\n<meta name=\"robots\" content=\"index, follow, max-snippet:-1, max-image-preview:large, max-video-preview:-1\" \/>\n<link rel=\"canonical\" href=\"https:\/\/www.kyodaikaratedo.com\/index.php\/valores-kyodai\/\" \/>\n<meta property=\"og:locale\" content=\"es_MX\" \/>\n<meta property=\"og:type\" content=\"article\" \/>\n<meta property=\"og:title\" content=\"FILOSOF\u00cdA\" \/>\n<meta property=\"og:description\" content=\"Valores KY\u014cDAI Amor: Todo lo hacemos con amor y por amor.Perseverancia: Una gota de agua constante atraviesa una roca.Pasi\u00f3n: Con el coraz\u00f3n por\" \/>\n<meta property=\"og:url\" content=\"https:\/\/www.kyodaikaratedo.com\/index.php\/valores-kyodai\/\" \/>\n<meta property=\"og:site_name\" content=\"KY\u014cDAI KARATE DO\" \/>\n<meta property=\"article:modified_time\" content=\"2021-02-09T18:11:48+00:00\" \/>\n<meta property=\"og:image\" content=\"https:\/\/www.kyodaikaratedo.com\/wp-content\/uploads\/2021\/02\/WhatsApp-Image-2021-01-25-at-11.14.11-PM-1024x606.jpeg\" \/>\n<meta name=\"twitter:card\" content=\"summary_large_image\" \/>\n<meta name=\"twitter:label1\" content=\"Tiempo de lectura\" \/>\n\t<meta name=\"twitter:data1\" content=\"1 minuto\" \/>\n<script type=\"application\/ld+json\" class=\"yoast-schema-graph\">{\"@context\":\"https:\\\/\\\/schema.org\",\"@graph\":[{\"@type\":\"WebPage\",\"@id\":\"https:\\\/\\\/www.kyodaikaratedo.com\\\/index.php\\\/valores-kyodai\\\/\",\"url\":\"https:\\\/\\\/www.kyodaikaratedo.com\\\/index.php\\\/valores-kyodai\\\/\",\"name\":\"FILOSOF\u00cdA\",\"isPartOf\":{\"@id\":\"https:\\\/\\\/www.kyodaikaratedo.com\\\/#website\"},\"primaryImageOfPage\":{\"@id\":\"https:\\\/\\\/www.kyodaikaratedo.com\\\/index.php\\\/valores-kyodai\\\/#primaryimage\"},\"image\":{\"@id\":\"https:\\\/\\\/www.kyodaikaratedo.com\\\/index.php\\\/valores-kyodai\\\/#primaryimage\"},\"thumbnailUrl\":\"https:\\\/\\\/www.kyodaikaratedo.com\\\/wp-content\\\/uploads\\\/2021\\\/02\\\/WhatsApp-Image-2021-01-25-at-11.14.11-PM-1024x606.jpeg\",\"datePublished\":\"2021-01-18T22:31:09+00:00\",\"dateModified\":\"2021-02-09T18:11:48+00:00\",\"description\":\"Valores KY\u014cDAI Amor: Todo lo hacemos con amor y por amor.Perseverancia: Una gota de agua constante atraviesa una roca.Pasi\u00f3n: Con el coraz\u00f3n por\",\"breadcrumb\":{\"@id\":\"https:\\\/\\\/www.kyodaikaratedo.com\\\/index.php\\\/valores-kyodai\\\/#breadcrumb\"},\"inLanguage\":\"es\",\"potentialAction\":[{\"@type\":\"ReadAction\",\"target\":[\"https:\\\/\\\/www.kyodaikaratedo.com\\\/index.php\\\/valores-kyodai\\\/\"]}]},{\"@type\":\"ImageObject\",\"inLanguage\":\"es\",\"@id\":\"https:\\\/\\\/www.kyodaikaratedo.com\\\/index.php\\\/valores-kyodai\\\/#primaryimage\",\"url\":\"https:\\\/\\\/www.kyodaikaratedo.com\\\/wp-content\\\/uploads\\\/2021\\\/02\\\/WhatsApp-Image-2021-01-25-at-11.14.11-PM.jpeg\",\"contentUrl\":\"https:\\\/\\\/www.kyodaikaratedo.com\\\/wp-content\\\/uploads\\\/2021\\\/02\\\/WhatsApp-Image-2021-01-25-at-11.14.11-PM.jpeg\",\"width\":1280,\"height\":758},{\"@type\":\"BreadcrumbList\",\"@id\":\"https:\\\/\\\/www.kyodaikaratedo.com\\\/index.php\\\/valores-kyodai\\\/#breadcrumb\",\"itemListElement\":[{\"@type\":\"ListItem\",\"position\":1,\"name\":\"Inicio\",\"item\":\"https:\\\/\\\/www.kyodaikaratedo.com\\\/\"},{\"@type\":\"ListItem\",\"position\":2,\"name\":\"FILOSOF\u00cdA\"}]},{\"@type\":\"WebSite\",\"@id\":\"https:\\\/\\\/www.kyodaikaratedo.com\\\/#website\",\"url\":\"https:\\\/\\\/www.kyodaikaratedo.com\\\/\",\"name\":\"KY\u014cDAI KARATE DO\",\"description\":\"Bienvenido a KY\u014cDAI KARATE DO, un espacio en el que vivir&aacute;s al m&aacute;ximo el camino de la mano vac&iacute;a.\",\"publisher\":{\"@id\":\"https:\\\/\\\/www.kyodaikaratedo.com\\\/#organization\"},\"potentialAction\":[{\"@type\":\"SearchAction\",\"target\":{\"@type\":\"EntryPoint\",\"urlTemplate\":\"https:\\\/\\\/www.kyodaikaratedo.com\\\/?s={search_term_string}\"},\"query-input\":{\"@type\":\"PropertyValueSpecification\",\"valueRequired\":true,\"valueName\":\"search_term_string\"}}],\"inLanguage\":\"es\"},{\"@type\":\"Organization\",\"@id\":\"https:\\\/\\\/www.kyodaikaratedo.com\\\/#organization\",\"name\":\"KY\u014cDAI KARATE DO\",\"url\":\"https:\\\/\\\/www.kyodaikaratedo.com\\\/\",\"logo\":{\"@type\":\"ImageObject\",\"inLanguage\":\"es\",\"@id\":\"https:\\\/\\\/www.kyodaikaratedo.com\\\/#\\\/schema\\\/logo\\\/image\\\/\",\"url\":\"https:\\\/\\\/www.kyodaikaratedo.com\\\/wp-content\\\/uploads\\\/2021\\\/01\\\/WhatsApp-Image-2021-01-15-at-2.18.00-PM.jpeg\",\"contentUrl\":\"https:\\\/\\\/www.kyodaikaratedo.com\\\/wp-content\\\/uploads\\\/2021\\\/01\\\/WhatsApp-Image-2021-01-15-at-2.18.00-PM.jpeg\",\"width\":946,\"height\":1193,\"caption\":\"KY\u014cDAI KARATE DO\"},\"image\":{\"@id\":\"https:\\\/\\\/www.kyodaikaratedo.com\\\/#\\\/schema\\\/logo\\\/image\\\/\"}}]}<\/script>\n<!-- \/ Yoast SEO plugin. -->","yoast_head_json":{"title":"FILOSOF\u00cdA","description":"Valores KY\u014cDAI Amor: Todo lo hacemos con amor y por amor.Perseverancia: Una gota de agua constante atraviesa una roca.Pasi\u00f3n: Con el coraz\u00f3n por","robots":{"index":"index","follow":"follow","max-snippet":"max-snippet:-1","max-image-preview":"max-image-preview:large","max-video-preview":"max-video-preview:-1"},"canonical":"https:\/\/www.kyodaikaratedo.com\/index.php\/valores-kyodai\/","og_locale":"es_MX","og_type":"article","og_title":"FILOSOF\u00cdA","og_description":"Valores KY\u014cDAI Amor: Todo lo hacemos con amor y por amor.Perseverancia: Una gota de agua constante atraviesa una roca.Pasi\u00f3n: Con el coraz\u00f3n por","og_url":"https:\/\/www.kyodaikaratedo.com\/index.php\/valores-kyodai\/","og_site_name":"KY\u014cDAI KARATE DO","article_modified_time":"2021-02-09T18:11:48+00:00","og_image":[{"url":"https:\/\/www.kyodaikaratedo.com\/wp-content\/uploads\/2021\/02\/WhatsApp-Image-2021-01-25-at-11.14.11-PM-1024x606.jpeg","type":"","width":"","height":""}],"twitter_card":"summary_large_image","twitter_misc":{"Tiempo de lectura":"1 minuto"},"schema":{"@context":"https:\/\/schema.org","@graph":[{"@type":"WebPage","@id":"https:\/\/www.kyodaikaratedo.com\/index.php\/valores-kyodai\/","url":"https:\/\/www.kyodaikaratedo.com\/index.php\/valores-kyodai\/","name":"FILOSOF\u00cdA","isPartOf":{"@id":"https:\/\/www.kyodaikaratedo.com\/#website"},"primaryImageOfPage":{"@id":"https:\/\/www.kyodaikaratedo.com\/index.php\/valores-kyodai\/#primaryimage"},"image":{"@id":"https:\/\/www.kyodaikaratedo.com\/index.php\/valores-kyodai\/#primaryimage"},"thumbnailUrl":"https:\/\/www.kyodaikaratedo.com\/wp-content\/uploads\/2021\/02\/WhatsApp-Image-2021-01-25-at-11.14.11-PM-1024x606.jpeg","datePublished":"2021-01-18T22:31:09+00:00","dateModified":"2021-02-09T18:11:48+00:00","description":"Valores KY\u014cDAI Amor: Todo lo hacemos con amor y por amor.Perseverancia: Una gota de agua constante atraviesa una roca.Pasi\u00f3n: Con el coraz\u00f3n por","breadcrumb":{"@id":"https:\/\/www.kyodaikaratedo.com\/index.php\/valores-kyodai\/#breadcrumb"},"inLanguage":"es","potentialAction":[{"@type":"ReadAction","target":["https:\/\/www.kyodaikaratedo.com\/index.php\/valores-kyodai\/"]}]},{"@type":"ImageObject","inLanguage":"es","@id":"https:\/\/www.kyodaikaratedo.com\/index.php\/valores-kyodai\/#primaryimage","url":"https:\/\/www.kyodaikaratedo.com\/wp-content\/uploads\/2021\/02\/WhatsApp-Image-2021-01-25-at-11.14.11-PM.jpeg","contentUrl":"https:\/\/www.kyodaikaratedo.com\/wp-content\/uploads\/2021\/02\/WhatsApp-Image-2021-01-25-at-11.14.11-PM.jpeg","width":1280,"height":758},{"@type":"BreadcrumbList","@id":"https:\/\/www.kyodaikaratedo.com\/index.php\/valores-kyodai\/#breadcrumb","itemListElement":[{"@type":"ListItem","position":1,"name":"Inicio","item":"https:\/\/www.kyodaikaratedo.com\/"},{"@type":"ListItem","position":2,"name":"FILOSOF\u00cdA"}]},{"@type":"WebSite","@id":"https:\/\/www.kyodaikaratedo.com\/#website","url":"https:\/\/www.kyodaikaratedo.com\/","name":"KY\u014cDAI KARATE DO","description":"Bienvenido a KY\u014cDAI KARATE DO, un espacio en el que vivir&aacute;s al m&aacute;ximo el camino de la mano vac&iacute;a.","publisher":{"@id":"https:\/\/www.kyodaikaratedo.com\/#organization"},"potentialAction":[{"@type":"SearchAction","target":{"@type":"EntryPoint","urlTemplate":"https:\/\/www.kyodaikaratedo.com\/?s={search_term_string}"},"query-input":{"@type":"PropertyValueSpecification","valueRequired":true,"valueName":"search_term_string"}}],"inLanguage":"es"},{"@type":"Organization","@id":"https:\/\/www.kyodaikaratedo.com\/#organization","name":"KY\u014cDAI KARATE DO","url":"https:\/\/www.kyodaikaratedo.com\/","logo":{"@type":"ImageObject","inLanguage":"es","@id":"https:\/\/www.kyodaikaratedo.com\/#\/schema\/logo\/image\/","url":"https:\/\/www.kyodaikaratedo.com\/wp-content\/uploads\/2021\/01\/WhatsApp-Image-2021-01-15-at-2.18.00-PM.jpeg","contentUrl":"https:\/\/www.kyodaikaratedo.com\/wp-content\/uploads\/2021\/01\/WhatsApp-Image-2021-01-15-at-2.18.00-PM.jpeg","width":946,"height":1193,"caption":"KY\u014cDAI KARATE DO"},"image":{"@id":"https:\/\/www.kyodaikaratedo.com\/#\/schema\/logo\/image\/"}}]}},"_links":{"self":[{"href":"https:\/\/www.kyodaikaratedo.com\/index.php\/wp-json\/wp\/v2\/pages\/27","targetHints":{"allow":["GET"]}}],"collection":[{"href":"https:\/\/www.kyodaikaratedo.com\/index.php\/wp-json\/wp\/v2\/pages"}],"about":[{"href":"https:\/\/www.kyodaikaratedo.com\/index.php\/wp-json\/wp\/v2\/types\/page"}],"author":[{"embeddable":true,"href":"https:\/\/www.kyodaikaratedo.com\/index.php\/wp-json\/wp\/v2\/users\/1"}],"replies":[{"embeddable":true,"href":"https:\/\/www.kyodaikaratedo.com\/index.php\/wp-json\/wp\/v2\/comments?post=27"}],"version-history":[{"count":4,"href":"https:\/\/www.kyodaikaratedo.com\/index.php\/wp-json\/wp\/v2\/pages\/27\/revisions"}],"predecessor-version":[{"id":518,"href":"https:\/\/www.kyodaikaratedo.com\/index.php\/wp-json\/wp\/v2\/pages\/27\/revisions\/518"}],"wp:attachment":[{"href":"https:\/\/www.kyodaikaratedo.com\/index.php\/wp-json\/wp\/v2\/media?parent=27"}],"curies":[{"name":"wp","href":"https:\/\/api.w.org\/{rel}","templated":true}]}}